 + 26 - 92 = 0. Calculate the remainder when w is divided by 7.
5
Let f = 16 + -11. Suppose 0 = 2*g - f - 3. Suppose -o + 0*o + g = 0. Calculate the remainder when 6 is divided by o.
2
Let p(j) = j**3 + 2. Let q be p(0). Suppose 0 = 4*n - q - 6. Suppose b + 3 = n*b. Calculate the remainder when 4 is divided by b.
1
Let z be (-8)/(-10)*5/2. Suppose -5*w + 74 = -51. Suppose h + 5 + 5 = z*k, -h + w = 5*k. What is the remainder when 8 is divided by k?
3
What is the remainder when 7 is divided by (2 + -4)/(4/(-6))?
1
Suppose 3*w - x - 40 = 0, -2*w + 4*x = -7*w + 61. Suppose 5*h - 3*h - 31 = -3*u, -h + 5 = 0. Calculate the remainder when w is divided by u.
6
Suppose -4 + 9 = 5*w. Calculate the remainder when 48 is divided by (w/2)/((-1)/(-34)).
14
Let v(m) = 6*m**2 - m + 0*m**2 - m + 1. Suppose -2 = 2*i + 2*c, c = -i + 2*c + 3. Calculate the remainder when v(i) is divided by 3.
2
Suppose 0*z + 5*o + 35 = -4*z, 0 = -5*o - 15. Let t = z - -52. Suppose -161*u = -166*u + 80. Calculate the remainder when t is divided by u.
15
Suppose 99 = -4*q + 303. Calculate the remainder when q is divided by 13.
12
Let s(n) = n**2 - 4*n + 1. Let a be s(4). Suppose -4 = -5*y + a. What is the remainder when (2/4)/(y/94) is divided by 16?
15
Suppose 0 = i + i + 6, -b = 4*i - 128. Suppose 10*u = 5*u + b. Calculate the remainder when 55 is divided by u.
27
Let i = -11 + 15. Suppose i - 17 = -d. Calculate the remainder when d is divided by (-56)/(-12) + 3/9.
3
Let i be 11*(0/(-3) + 1). Suppose 0*x = -x - 5*a + i, 3 = -3*a. What is the remainder when 45 is divided by x?
13
Let r(b) = -b**3 - 4*b**2 - 8*b - 4. Calculate the remainder when r(-5) is divided by 31.
30
Suppose -3*w - 3*o - 17 = 7, 2*o - 9 = 3*w. Calculate the remainder when 97/4 - w/(-20) is divided by 9.
6
Let p = 211 - 194. Calculate the remainder when 79 is divided by p.
11
Suppose 164 = o + 3*o. Let y(i) = i**3 + 8*i**2 - 21*i + 4. Calculate the remainder when o is divided by y(-10).
13
Let n be ((-4)/10)/((-3)/45). Suppose n - 4 = y. Calculate the remainder when y is divided by 1.
0
Suppose -5*m - 3*j = -3*m - 32, 21 = m + 4*j. What is the remainder when 25 is divided by m?
12
Let i = 20 - 23. Let f = 9 - i. Calculate the remainder when 31 is divided by f.
7
Let v(s) = s**2 - s - 4. What is the remainder when 22 is divided by v(4)?
6
Let j = 1 + -10. Let h = 17 + j. Calculate the remainder when h is divided by 5.
3
Suppose 3*s = 4*h - 22, 6*h = 2*h - 4*s + 8. What is the remainder when h is divided by 3?
1
Suppose -2*i - 94 = 4*c - 4*i, -5*c + 5*i = 130. What is the remainder when 40 is divided by c*(3 - (0 - -4))?
19
Suppose 5*a = -0*a + 75. What is the remainder when ((-56)/24)/(2/(-48)*1) is divided by a?
11
Let b = -4 + 13. Let c(h) = -16*h**3 + h**2 + 2*h + 1. What is the remainder when c(-1) is divided by b?
7
What is the remainder when 104 is divided by (-27)/((8/(-2))/4)?
23
Suppose -11 = -4*b + 9. Suppose -b = -6*l + l. What is the remainder when 1 is divided by l?
0
Suppose -5*a - 14 - 66 = 0. What is the remainder when (-4)/a - (-622)/8 is divided by 27?
24
Suppose -5*z = -2*z + 15. Let w = z + 15. What is the remainder when w is divided by 4?
2
Let h = 1 - -6. Suppose 8 = 3*i - 31. What is the remainder when i is divided by h?
6
Let u(x) = -x + 12. What is the remainder when u(5) is divided by ((-48)/30)/((-6)/15)?
3
Let j(h) = -h**3 + h**2 + 3*h + 1. Let c be j(3). What is the remainder when -4*(c - (1 - -1)) is divided by 14?
12
Let i be 88/6 - (-3)/9. Let a = i + -11. Suppose -a*z = -7 - 97. Calculate the remainder when z is divided by 14.
12
Let y = -57 + 68. What is the remainder when ((-2)/4)/((-4)/240) is divided by y?
8
Let m = 37 + -16. Calculate the remainder when m is divided by 8.
5
Suppose 4*b + b - g - 58 = 0, g = -b + 8. What is the remainder when 75 is divided by b?
9
Suppose 23 = -5*m + 293. What is the remainder when m is divided by 19?
16
Let u be 4/(-14) - 16/(-7). Let d(v) = 0 + u*v - 4 + 3*v - 3*v. Calculate the remainder when d(5) is divided by 4.
2
Suppose 0 = 7*c - 5*c + 8, -5*c = 2*z - 18. Calculate the remainder when z is divided by 5.
4
Let v(d) = 3*d**2 + 2*d. Let w(r) = r**3 + 4*r + 13. What is the remainder when w(0) is divided by v(-2)?
5
Suppose 2*s + i = 226 + 38, -5*i = -2*s + 264. What is the remainder when s is divided by 19?
18
Let k(g) = g - 15. Let m(f) = 8. Let u(z) = 3*k(z) + 5*m(z). Calculate the remainder when 23 is divided by u(6).
10
Let b(q) be the first derivative of q**4/4 - 8*q**3/3 - 3*q - 1. Let f be b(8). Let l = f + 11. What is the remainder when 22 is divided by l?
6
Let m = 4 - 2. Suppose -2*b + m = -2. Let a = -1 - -5. What is the remainder when a is divided by b?
0
Suppose -h - o + 2*o + 20 = 0, -4*h = -2*o - 78. Suppose 3*k = 4*q + 18, 7*k + 28 = 11*k - 4*q. Calculate the remainder when h is divided by k.
9
Let d(h) = -h + 2. What is the remainder when 17 is divided by d(-8)?
7
Let u = 234 - 231. Suppose -36 = -d + 5*s, d = -3*d - 5*s + 19. Calculate the remainder when d is divided by u.
2
Suppose -h + 3*h = 70. Suppose -2*c + 2*r + 16 = 0, -c - 2*r + 4 = -4*r. What is the remainder when h is divided by c?
11
Let h = 35 + -16. Suppose -7 + h = 4*o. Calculate the remainder when o is divided by 3.
0
Suppose 56 = 11*m - 54. Calculate the remainder when 17 is divided by m.
7
Suppose 3*j = 5 + 1. Suppose 0 = -3*x + 4*x - j*i - 65, 5*x - 351 = -3*i. Let a = -40 + x. Calculate the remainder when a is divided by 10.
9
Suppose -4*q - 70 = -3*c + 74, 214 = 4*c + 2*q. Let n = 91 - c. What is the remainder when n is divided by 10?
9
Let x(t) be the third derivative of 61*t**5/60 + t**4/24 - 2*t**2. Calculate the remainder when x(-1) is divided by 31.
29
Suppose 6*x - 136 = -10. Let l = -26 - -37. What is the remainder when x is divided by l?
10
Let m(w) = -7*w - 17. What is the remainder when m(-11) is divided by 32?
28
Let n(y) = 4*y**3 - 11*y - 6*y**3 - 11*y**2 + y**3. Let r(k) = -4*k + 2. Let c be r(3). Calculate the remainder when n(c) is divided by 4.
2
Let x = 254 - 176. Let p(c) = -c**3 - 6*c**2 - 7*c + 4. Let d be p(-6). Let a = x - d. What is the remainder when a is divided by 11?
10
Let r(b) = -b**2 + 9*b - 8. Let t be r(9). Let i = -5 - t. Calculate the remainder when 8 is divided by i.
2
Let o = 78 - 124. What is the remainder when (1 + 6/(-4))*o is divided by 13?
10
Let z be ((-18)/(-1))/((-1)/(-1)). Suppose -z = a - 3*a. What is the remainder when 33 is divided by a?
6
Suppose -3*w = -4*o - 32, -4*o = -0*w + w. Calculate the remainder when 30 is divided by w.
6
Suppose 12 = -2*z - 2*p + 4, 36 = -5*z - p. Let d = 8 + z. Suppose 3*c - 22 - 56 = d. Calculate the remainder when c is divided by 9.
8
Let o(b) = b**3 + b**2 + b - 1. Let t(r) = -2*r**3 + 11*r**2 - 14*r + 2. Let v(z) = o(z) + t(z). Calculate the remainder when v(10) is divided by 24.
23
Suppose -56 = -0*c - 8*c. Calculate the remainder when 17 is divided by c.
3
Suppose 0 = 3*c - 0*c. Suppose -5 = -x - c. Calculate the remainder when 17 is divided by x.
2
Let v = 1 - 4. Let o be 6/v - (1 - -6). Calculate the remainder when -57*((-3)/o)/(-1) is divided by 7.
5
Suppose -x + 15 = 1. Let h = -5 + x. What is the remainder when h is divided by 5?
4
Let w be (3 + -1 + 14)/2. Suppose -4*z = -w, z - 43 = -5*b - 3*z. What is the remainder when 26 is divided by b?
5
Let f(u) = -u + 5. Let o be f(7). Let c(h) = 3*h**2 + 2*h + 1. Calculate the remainder when 15 is divided by c(o).
6
Let p(k) = -3*k - 3*k + 3*k - 6. Let t(d) = -3*d - 2. What is the remainder when t(-4) is divided by p(-4)?
4
Let f(w) = w**3 + 3*w**2 - 2*w + 1. Calculate the remainder when 31 is divided by f(2).
14
Suppose -4*p = p - 30. Calculate the remainder when 201/p + (-6)/4 is divided by 17.
15
Let y = 9 - 9. What is the remainder when 11 is divided by y + -2 + 2 + 3?
2
Let m(x) = 8*x + 1. Let i be m(1). Suppose -2*q + 6*q - 8 = 0. Suppose r = -q*r + i. What is the remainder when 3 is divided by r?
0
Suppose 6*k = 3*k. Suppose k = 2*r + 4*u + 3 - 23, 5*u - 11 = r. Suppose -r*w = 0, -2*w - 94 = -2*y + 2*w. Calculate the remainder when y is divided by 16.
15
Let f be 2/(-3)*30/4. What is the remainder when 47 is divided by ((-80)/4)/(f - -3)?
7
Let g(t) = t**2 - 5*t - 8. Let i = -66 - -111. What is the remainder when